d = 32824 - 9376. List the prime factors of d.
977
Let q(c) = -14*c**3 - 9*c**2 - 5*c - 30. List the prime factors of q(-5).
2, 5, 19
Suppose 5*h - 2*j = -6 - 13, h = 3*j + 4. What are the prime factors of 382/12 + (-1)/30*h?
2
Suppose -4*x - w + 29 = 0, 2*w - 16 = 2*x - 4*x. Suppose -2 = -c + 5*n + 6, 0 = 4*n - 16. Let a = c - x. List the prime factors of a.
3, 7
Suppose -60 = a - 6*a. Let t = a - 7. Let g = 12 + t. What are the prime factors of g?
17
Let k = 1206 + -45. What are the prime factors of k?
3, 43
Suppose 2*j - 8 = -2*s, 0 = 3*j - 0*j + 2*s - 13. Suppose j*y + 8 = r, 3*r - 29 = y - 5. List the prime factors of r/(-36) - 328/(-18).
2, 3
Suppose 2*k - 12 - 6 = 0. Let f(i) = 2*i**2 - i**2 + 62*i + 14 - 69*i. List the prime factors of f(k).
2
Let f(d) = -5*d - 33 + 34 + 3*d + d. Let p(z) = 4*z - 18. Let h(s) = -2*f(s) - p(s). What are the prime factors of h(0)?
2
Let y(w) = 31*w**2 + 8*w + 45. What are the prime factors of y(-6)?
3, 7, 53
Suppose 2*c + 1096 = 1278. What are the prime factors of c?
7, 13
Let d be (-1 - (15/(-3) + 2)) + 9. Suppose 0 = a + d - 49. List the prime factors of a.
2, 19
Let m be (4/(-10))/((-4)/(-140)). Let s = m + 29. Suppose x + 41 = 4*c, 6*x = 3*x - s. What are the prime factors of c?
3
Suppose 28*x - 316 = 24*x. What are the prime factors of x/5 - (-7)/(-35)*-1?
2
Let v(d) = -180*d**3 - 4*d**2 + 3*d + 14. What are the prime factors of v(-2)?
2, 179
Let y(n) = 7*n - 7. Let q(i) = i**3 + 5*i**2 - 4*i + 14. Let g be q(-6). Suppose 3*s - g*b - 2 = 9, -2*b = 2*s - 4. List the prime factors of y(s).
2, 7
Suppose 0 = -21*h + 118 + 1667. What are the prime factors of h?
5, 17
Let r = 14 + -16. Let a(m) = 5*m**2 + 3*m + 1. Let u be a(r). Suppose 3*o - u = 0, 2*o = 2*d - 7*d + 185. What are the prime factors of d?
5, 7
List the prime factors of 107/4 + (-21)/(-84).
3
What are the prime factors of 3 + (154570/(-123))/((-1)/3)?
7, 11
Let o(t) = 2*t**2 - 3*t + 2. Let s(n) = n**2 - 2*n + 3. Let v(c) = 2*o(c) - 3*s(c). Let f be (10 - 9) + 3*1. List the prime factors of v(f).
11
Let g = -6 - -9. Suppose 8*z - g*z = 0. Suppose z*h = h - 10. What are the prime factors of h?
2, 5
Suppose -i + 4*j + 2663 = 0, -5*i - 6*j + 5*j = -13231. List the prime factors of i.
2647
Let y(f) = 42*f**3 + f - 1. Let j be y(1). Suppose -j - 14 = -2*h. List the prime factors of 0 - 1/((-2)/h).
2, 7
Let s(m) = 226*m - 445*m - 3 + 262*m. What are the prime factors of s(2)?
83
Let r = 10 - 6. Let f = 1 + r. Suppose -4*c - 3*w + 30 = -2*c, 45 = 3*c - f*w. What are the prime factors of c?
3, 5
Suppose 1628*g = 1645*g - 77452. List the prime factors of g.
2, 17, 67
Let y(i) = -5*i - 4. Let z be y(-2). Suppose 3*j = -z + 63. What are the prime factors of j?
19
Let l(x) = 21*x**2 + x - 2. Let w be l(-2). Suppose -w = -3*p - 2*p. Suppose 4*g - 2*q - p - 16 = 0, 0 = 3*q + 12. List the prime factors of g.
2, 3
Suppose q + 2*s - 57 = 0, -2*s - 3 - 5 = 0. Let x = 107 - q. List the prime factors of x.
2, 3, 7
Let x(i) be the first derivative of 19*i**2/2 - 2. What are the prime factors of x(3)?
3, 19
Let c(a) = 58*a + 19. List the prime factors of c(1).
7, 11
Let h = 933 + 3070. What are the prime factors of h?
4003
What are the prime factors of 0 + 1 + (-1832)/(6 - 10)?
3, 17
Let a = -81 - -91. What are the prime factors of 3262/16 + a/80?
2, 3, 17
Suppose -17 + 5 = 3*d. List the prime factors of 3 - (0 - d) - -44.
43
Suppose 19394 + 53775 = 19*h. What are the prime factors of h?
3851
Let k be (3 - 0)*-1 + 7. Let f(u) = 2*u**3 + 3*u**2 - 7*u + 6. Let o be f(4). Suppose 0 = p + k*t - 43, 3*t + 50 + o = 3*p. List the prime factors of p.
3, 7
Let v(f) = -36*f**3 - f**2 + 2*f - 1. Let x be v(1). Let h = x - -41. Suppose h*w = 3*w + 48. What are the prime factors of w?
2, 3
Let a(d) = 52*d + 421. What are the prime factors of a(25)?
1721
Suppose -14*f + 8*f + 2790 = 0. List the prime factors of f.
3, 5, 31
Let v(a) = a**2 + 9*a + 22. Let t be v(-5). Suppose 2*i - 3*x - 213 = -i, -2*i - t*x = -138. What are the prime factors of i?
2, 5, 7
Let z(u) = u**2 + 2*u + 1. Let l be z(-1). Suppose l = -p - d + 108, 0 = -0*p - 2*p + 5*d + 195. List the prime factors of p.
3, 5, 7
Let c(b) = 4*b + 4*b + 4 - b**2 + 4. Let w = 30 + -24. List the prime factors of c(w).
2, 5
Suppose -11*f + 273 = -4*f. List the prime factors of f.
3, 13
Let s(y) = -y - 2. Let h be s(-6). Suppose 9 + 3 = h*g. Suppose g*d + 2 = 4*d. What are the prime factors of d?
2
Let c = -74 - -186. What are the prime factors of c?
2, 7
Let j = 31 + 1. List the prime factors of j.
2
Suppose -117 = -2*q - q. Suppose -5*m - 26 = q. Let v = 8 - m. List the prime factors of v.
3, 7
Let m = 507 - 485. What are the prime factors of m?
2, 11
Let a be 143368/20 - (-2)/(-5). What are the prime factors of (a/84)/(2/3)?
2
Suppose 447 + 1845 = 3*s. What are the prime factors of s?
2, 191
Suppose -2 = 5*x - 27. Suppose -f = 2*f - 4*s - 130, -270 = -x*f - 4*s. Let i = f + -20. List the prime factors of i.
2, 3, 5
Let a(m) = -98*m**3 + m**2 + 2*m + 9. What are the prime factors of a(-2)?
13, 61
Suppose -33*h + 36*h - 4268 = b, 0 = -h - 3*b + 1426. What are the prime factors of h?
1423
Let b(w) = -w**3 + 8*w**2 - 18*w - 14. Let g be b(6). Let q = -18 - -13. Let k = q - g. What are the prime factors of k?
3, 5
Let p(t) = -7 - 7*t - 2*t**2 + 0*t**2 + 5*t**2. List the prime factors of p(6).
59
Let q(s) = -29*s + 22. List the prime factors of q(-4).
2, 3, 23
Let g be (-2)/9 + 519/27. Suppose -15*l = -g*l + 428. Suppose 3*s = 5*p - p + l, 103 = 3*s - 2*p. What are the prime factors of s?
3, 11
Let c = 15 + -14. List the prime factors of 42 + c*(1 + 0).
43
Let t(p) = 7*p**2 + 0 - 15*p + 10*p + 9 + p**3 + 4*p. What are the prime factors of t(-7)?
2
Let b = -10 - -2. What are the prime factors of 55 + -4 + (0 - b)?
59
Let c(b) = b**2 - 2*b + 2. Let v be c(2). Suppose 10 = -0*u + 2*u, 28 = v*r + 4*u. List the prime factors of r.
2
Let z(q) = 5*q**3 - 14*q + 11. List the prime factors of z(7).
2, 11, 37
Let m(h) = 7*h**2 - 3*h - 1. Suppose 4*w - 4*u = -5 + 1, 0 = -4*w - 4*u + 12. Suppose z = -1 - w. What are the prime factors of m(z)?
3, 11
What are the prime factors of 8/(-28) - (1 + 9120/(-21))?
433
Suppose 2*y + 2 + 4 = 0. Let n = 2 - y. Let a(t) = -t**2 + 6*t + 1. List the prime factors of a(n).
2, 3
Suppose 2 = 2*m - m, 17 = 3*j + 4*m. Suppose 84 = s + 4*i, -2*s - j*i + 171 = 2*i. What are the prime factors of s?
2, 11
Let v be 0 + (3 - (2719 - 4)). Let l be v/12*1/(-2). Suppose -a = -b + 6*b - l, 0 = 3*b + 3*a - 75. List the prime factors of b.
2, 11
Let k(h) = -2*h**3 - 2*h**2 + 23*h - 21. Let x be k(-11). Suppose 10*f - 1124 = x. List the prime factors of f.
3, 109
Suppose -3*s - 2*h + 914 = 0, -4*s = -7*s + 5*h + 928. List the prime factors of s.
2, 3, 17
Let p(v) = v**2 - v + 5. Let h be p(4). Suppose -h = -4*l + 7. What are the prime factors of l?
2, 3
Let g(o) = -o**3 + 12*o**2 - 21*o + 7. Let v be g(10). List the prime factors of (v/(-6)*-70)/((-2)/10).
5, 7
Suppose -u - 4*z + 23 = 0, 4*u - z = -0*u + 7. Suppose u*a - 3*d - 63 = 0, 0 = -a - 2*d + 6*d + 15. What are the prime factors of a?
23
Let t(c) = c + 12. Let n be t(8). Let a = 204 - n. What are the prime factors of a?
2, 23
Let x be (99 + 9)*2/(-4). List the prime factors of ((-2)/((-16)/x))/((-1)/36).
3
Let j(m) = 3 + m + 1 - 3. Let b(x) = 2*x - 6. Let d(q) = b(q) + 4*j(q). What are the prime factors of d(4)?
2, 11
Suppose 6*c = 2054 + 2368. List the prime factors of c.
11, 67
Suppose 0 = 45*r - 24*r - 21840. What are the prime factors of r?
2, 5, 13
Let n(x) = x**3 + 7*x**2 - 7*x + 10. Let a = -8 - -10. Suppose -16 = a*t + t + 4*h, -5*t + h = 42. List the prime factors of n(t).
2
Let i be (1 + 1)*(375 + -4). Suppose 6*h - i = -214. List the prime factors of h.
2, 11
Let c(t) = -251*t - 662. List the prime factors of c(-17).
5, 7, 103
Suppose -1770 - 204 = -3*h. Let p = h + -450. List the prime factors of p.
2, 13
Let s(k) = 14*k**2 - 12*k + 71. List the prime factors of s(12).
29, 67
Let t(q) = 5*q**2 + 14*q - 6. What are the prime factors of t(-9)?
3, 7, 13
List the prime factors of (-630)/28*4/(-6)*13.
3, 5, 13
Let l be (-3)/2*8/(-6). Suppose -l*w + 1 = -k + 3, 3*k = -2*w + 14. Suppose -3*x + 155 - 5 = 4*b, k*x + 3*b - 193 = 0. List the prime factors of x